 f(z)?
-10
Let s(p) = -p**2 - 4 + 0*p**2 + 11*p - 4*p + 5. Give s(6).
7
Let b(j) = -3*j + 4 + j + j. Let u be b(9). Let v(p) = p**2 + 7*p + 6. Determine v(u).
-4
Let c(j) be the first derivative of -1/4*j**4 + 1 + 1/2*j**2 + 0*j**3 - 7*j. Give c(0).
-7
Suppose -4*l + 40 = -0*l. Let j = -15 + l. Let t(n) = n**3 + 4*n**2 - 5*n - 3. Determine t(j).
-3
Let w = 7 + -10. Let o(k) = -k**3 + 7*k**2 - 5*k - 3. Let m be o(6). Let n(d) = m + 2 - d - 8 + 0. Give n(w).
0
Let s be (-20)/(-150) - 62/15. Let o(i) = -4*i - 1. Suppose 3*g - c = 2*c - 3, 4*c + 8 = -2*g. Let j(x) = -3*x. Let h(t) = g*o(t) + 3*j(t). What is h(s)?
6
Let i(l) be the second derivative of 1/3*l**4 + 1/3*l**3 + 1/2*l**2 + 0 - 2*l. Give i(-1).
3
Let r(a) = 3 + 0 - 3*a + 6*a. Let g(f) = -f - 1. Let y(d) = -5*g(d) - 2*r(d). Suppose u = -2*u - 6. Calculate y(u).
1
Let c(b) be the second derivative of -7/6*b**3 + 0 - 2*b**2 + 3*b. Let m(l) = 13*l + 7. Let w(a) = -11*c(a) - 6*m(a). Calculate w(4).
-2
Let p(a) = -8*a + 1. Suppose 10 = -2*k, 5*k + 15 = 4*s + s. What is p(s)?
17
Let w(z) = -z - 7. Let o(l) = l - 2. Let d be o(0). Let k be d - -4 - (-4)/(-2). Calculate w(k).
-7
Let r(w) = w**2 + 5*w - 6. Let g be r(-5). Let x = g + 8. Let y(q) = 0*q**x - q**2 - 3 + 7*q - 3. Calculate y(5).
4
Let j(f) = -f - 4. Suppose -5*z = 4*g + g + 15, 4*z - 2 = -2*g. Calculate j(g).
3
Let q(m) be the second derivative of -m**5/20 - 7*m**4/12 - 3*m**3/2 - 7*m**2/2 + 7*m. Give q(-6).
11
Let s(r) = 4*r. Let k(x) = x**2 + 8*x - 19. Let j be k(-10). Give s(j).
4
Let u(x) = -x**2 - 4*x. Let q(d) = -d + 2. Suppose -2*j + 0*j + w + 10 = 0, 4*w = 0. Let a be q(j). Calculate u(a).
3
Let b = -28 + 22. Let g = b - -3. Let t(m) = -m**3 - 3*m**2 - m + 1. Give t(g).
4
Let i(k) be the first derivative of 5*k + 1 - 3/2*k**2. Determine i(4).
-7
Let i(q) = q**3 - 6*q**2 + 4. Let g be i(6). Let k(w) = -12*w + 13 + 8*w - 7. What is k(g)?
-10
Let o(n) = 3*n + 4*n - 1 - 2 - 3*n. Determine o(2).
5
Let b(c) be the third derivative of -c**6/360 + 7*c**5/120 - c**4/24 - c**3/6 + 7*c**2. Let z(r) be the first derivative of b(r). Calculate z(5).
9
Let x(y) = -y**2 - 3*y + 4. Suppose -2*o = 6*o + 32. Calculate x(o).
0
Let c(h) = -8*h + 54. Let i be c(6). Let g(y) = 2*y - 8. What is g(i)?
4
Let t = 81 + -82. Let y(w) = 3*w**3 - 2*w**2 - 2*w - 1. Calculate y(t).
-4
Let b be (-1)/(-1)*(3 - 0). Let i(y) = 10*y + 4 - 11*y - 4*y**3 + b*y**3. What is i(0)?
4
Let c(y) = 6*y + 1. Let i(b) = 3*b. Let o(v) = -c(v) - i(v). Determine o(2).
-19
Let q be (-13)/(-2) + 6/(-4). Suppose -q*f = 5 - 0. Let l(p) = p**3 + p**2 - p. Let k(d) = -3*d**3 - 5*d**2 + 5*d - 1. Let g(u) = k(u) + 5*l(u). Determine g(f).
-3
Let f(c) = -c**3 - 2*c**2 - 2*c - 1. Suppose 3*v = 5*v + 2. Determine f(v).
0
Suppose 4 = 2*j - 6. Suppose b + 3*z = 5*z + 12, -3*b + 3*z = -21. Suppose h - b*h = j. Let g(u) = -u**3 - 5*u**2 - u + 3. Calculate g(h).
8
Let t(w) be the third derivative of w**9/60480 + w**8/4032 - w**7/5040 - w**6/120 + w**5/30 - 4*w**2. Let j(i) be the third derivative of t(i). Give j(-5).
-1
Suppose 12 = -3*k + 5*q, 4*k + 16 = 4*q + q. Let i = k + 10. Suppose 5*g = i*g - 7. Let l(j) = j**3 - 8*j**2 + 6*j + 5. Calculate l(g).
-2
Let c(n) = -n**2 + 4*n - 3. Let h be c(3). Suppose 3*r = -4*s + 12 + 4, 10 = 3*r - 2*s. Let v(x) = x + 3*x**3 - r*x**3 - 2 - 1. What is v(h)?
-3
Let p(u) = -1 + 0 + u - 4. Suppose -r - 6 = -2*r. Give p(r).
1
Let n(c) = c**3 - 5*c**2 + 6*c - 4. Let s be (-42)/(-7)*2/3. What is n(s)?
4
Suppose 0 = r + 4*r - 20. Let f(t) = t**3 - 3*t**2 - 5*t. Calculate f(r).
-4
Let r(a) = a - 2. Let p be r(4). Let c(j) = j**3 + 0*j + 2*j**p + 3 + 2*j**2 - j + 2*j. Calculate c(-3).
9
Let q(k) be the second derivative of k**3/6 - 13*k**2/2 + k. Let w(j) = -j**3 + 5*j**2 - 2*j + 10. Let u be w(5). Calculate q(u).
-13
Suppose -14*r = -12*r - 2. Let a(s) = 1 - s - s - s. Determine a(r).
-2
Let k(a) = -6*a**3 - a**2 - a - 1. Let v be 48/60 - (-18)/(-10). Give k(v).
5
Let c(m) = -m**2 + m - 3. Suppose 6 = -3*a + 2*g, 4*a + 0*g = -4*g + 12. Calculate c(a).
-3
Let j(u) be the first derivative of u**4/4 + 4*u**3/3 - u**2/2 - 3*u + 36. What is j(-4)?
1
Suppose 2*r - 9 = -5*p, -p + 3*r + 6 = 2*r. Let i(g) = 2*g - 3 + p + 1. Let v(x) = x - 4. Let z be v(7). Calculate i(z).
7
Suppose 3*c - 3 = v, 5*v + 15 = -2*c - 0. Suppose 7*t - 3*t - 12 = c. Let i(k) = -k + 1. Determine i(t).
-2
Suppose 0 = -5*p + 22 - 12. Suppose -w - 26 = -4*g - p*w, -5*w = 2*g - 22. Let t(j) = j**3 - 7*j**2 + 7*j. Calculate t(g).
6
Suppose c - 2*y - 11 = 0, 3*y = 2*c + 2 - 20. Let r(l) = -3*l + 1. Determine r(c).
-8
Let m = -60 - -60. Let a(f) = f - 4. Determine a(m).
-4
Let i(w) be the third derivative of w**2 + 2/3*w**3 + 0 - 1/24*w**4 + 0*w. Suppose -5*y = -0*y + 15. Give i(y).
7
Suppose 0*n - 9 = 4*a + n, 3 = -5*a - 4*n. Let j(k) = k**2 + 3*k - 4. Calculate j(a).
-4
Let q = -2 - -4. Suppose q*x - 6 = -0*x. Let f(i) = -3*i - 6*i**x - 2*i**2 + 5*i**3 - 3*i**2 + 3. What is f(-3)?
-6
Suppose 0 = 4*m - 0*m - 8. Suppose 9*y - 10*y = -3. Let h(p) = -4*p + y*p + 0*p + 1 + 0*p. Give h(m).
-1
Let h(n) = 4*n + 20*n**2 - 2*n**2 - 5*n. Suppose -y - 3*y + 4 = 0. Calculate h(y).
17
Let d(r) = -r**3 + 13*r**2 + 14*r - 5. Let y(n) = n**2 + n - 1. Let h(c) = -d(c) + 6*y(c). Give h(8).
-1
Let c(a) be the second derivative of a**5/10 - a**2/2 + a. Determine c(-1).
-3
Suppose -2*o + 10 = 0, -5*k + 3*o = 8*o - 40. Suppose -k*s + 3*j = 75, 0*j - 5*j + 75 = -3*s. Let n be (-10)/s + (-6)/(-10). Let p(x) = 2*x - 1. Determine p(n).
1
Let n be (2/6)/(1/12). Suppose 2*w = -6, -n*w + 1 = a - w. Let d(h) = h - 4. Let z be d(a). Let x(c) = c**3 - 6*c**2 + c - 3. Give x(z).
3
Let b(s) = s**3 - 9*s**2 - 7*s - 7. Let m = -15 + 12. Let d(p) = 18*p**2 - 8*p**2 + 0*p**3 - 2*p**3 + 7*p + 8. Let j(f) = m*b(f) - 2*d(f). Give j(-6).
-1
Let d(y) be the second derivative of -y**4/24 + 2*y**3/3 - 2*y**2 - 4*y. Let q(g) be the first derivative of d(g). Give q(6).
-2
Let h(q) be the second derivative of q**4/12 - q**3/3 - 37*q. Calculate h(2).
0
Let z(x) = -x**2 - 8*x - 5. Let i be z(-6). Let u = 43 - 33. Let r = u - i. Let y(s) = -s**3 + 2*s**2 + 2. Give y(r).
-7
Let c(p) = -p**2 - 5*p - 5. Suppose 0 = -3*v - 0*v + 36. Let t be (9/v)/((-2)/(-48)). Suppose 3 = 3*k + t. Determine c(k).
-5
Let r(t) = -t**3 + 5*t**2 + 6*t - 6. Suppose 30 = -0*p + 5*p. Suppose -3*s = 4*j - p, -5*j = -s + 9 + 12. Give r(s).
-6
Let d(i) = -5*i + 1. Let y be (-5 - -6) + 4 + (-6)/2. Give d(y).
-9
Let r(x) = 12*x**3 - 2*x - 1. Suppose -5*t - 15 = -10. Calculate r(t).
-11
Suppose -p + 4*p + 17 = 5*l, 3*l = 2*p + 11. Let v(c) = c - 6*c + 3*c - l + c**3. Suppose z - 2*o = -2, 2*o + 1 = 3*z - 1. Give v(z).
3
Let u(b) = 7*b**2 - 7*b - 11. Let r(n) = 4*n**2 - 3*n - 6. Let t(d) = -5*r(d) + 3*u(d). Determine t(6).
-3
Let t(o) be the third derivative of -o**4/24 - o**3/2 + 48*o**2. Give t(-8).
5
Let r(v) = -28*v - 1. Suppose -3*s - 4*u = -5, 0 = 2*s - 3*u + u + 6. Give r(s).
27
Let l be (-6 - -2)/(-2) + -2. Let d(p) = -p + 2. Calculate d(l).
2
Let h(u) = 3*u**2 + 23*u - 21. Let i(n) = -n**2 - 8*n + 7. Let q(c) = -3*h(c) - 8*i(c). Determine q(-6).
1
Let r(l) be the third derivative of l**6/120 + 2*l**5/15 + 7*l**4/24 + l**3/6 - 45*l**2. Determine r(-7).
1
Let m(k) = -k**3 + 7*k**2 + 6*k + 2. Suppose 28 = 4*r - b, -5*r + r + 2*b = -24. What is m(r)?
-14
Let o(v) be the third derivative of v**6/360 + v**5/30 - v**3/3 + 3*v**2. Let a(q) be the first derivative of o(q). Give a(-4).
0
Let c = -4 + 8. Let v(l) be the third derivative of -l**6/120 + l**5/15 + l**4/24 - l**3/3 - 2*l**2 - 13*l. Determine v(c).
2
Let j be 4/6 - (-52)/12. Let l(k) = 0 + 0*k**3 - j*k**3 + k**3 - k + 1. Determine l(1).
-4
Let t = 5 + -2. Suppose -5*o + 15 = -5. Let f(k) = 8 + k - o*k - 5 + k. Determine f(t).
-3
Let n(j) = j - 1. Suppose -g + 15 = 5*x, 4*g - 60 = 2*x - x. Suppose -5*c + 8*c = g. Determine n(c).
4
Let f be ((-6)/(-4))/((-8)/(-16)). Let h(z) = -2*z**2 + 3*z + 4. What is h(f)?
-5
Let j(b) = 5*b**3 - 3*b**2 + 6*b - 3. Let p(u) = 14*u**3 - 9*u**2 + 17*u - 8. Let g(y) = 17*j(y) - 6*p(y). Suppose -2*l + 9 = -5*l. Determine g(l).
-3
Suppose 4*d - g + 8 - 23 = 0, 0 = 5*g - 25. Let p(q) = -d*q**3 + 2 + 1 + q**2 - 2 - 2*q. Determine p(1).
-5
Let b be 4/(-2) - -7 - 0. Let c = 8 - b. Suppose 0 = 2*a + 